hat is -5b5b - -63?
-5ae8
In base 8, what is 4 + -325603?
-325577
In base 11, what is 761159 - 3?
761156
In base 7, what is -33 - 1134221?
-1134254
In base 16, what is -3d2 + 2f?
-3a3
In base 6, what is -544 - 124412?
-125400
In base 16, what is 2 + -145a?
-1458
In base 8, what is -1171 - 63?
-1254
In base 5, what is 3 + -342303?
-342300
In base 4, what is 101 + 2211132?
2211233
In base 2, what is 1011111101010101011 - 11?
1011111101010101000
In base 11, what is -5731 - -20?
-5711
In base 5, what is -34 - 1020?
-1104
In base 10, what is 10 - 45002?
-44992
In base 10, what is -382 - -69?
-313
In base 6, what is 334001 - -15?
334020
In base 2, what is 10 + -1001110110011010?
-1001110110011000
In base 8, what is 73 + -2602?
-2507
In base 2, what is 10101010000100 - -110110?
10101010111010
In base 11, what is -32 - -14a8?
1476
In base 9, what is 1753 - 455?
1287
In base 10, what is 489 - 23?
466
In base 13, what is -4 + 93b9?
93b5
In base 3, what is -1020020002 - -1121?
-1020011111
In base 2, what is 11 - 1001011001100110?
-1001011001100011
In base 6, what is 4 + -15523?
-15515
In base 2, what is -10000001 + 11001?
-1101000
In base 8, what is 1521 - 2155?
-434
In base 3, what is 1 + -12221022?
-12221021
In base 3, what is 1011 - -120110000?
120111011
In base 7, what is 0 - -2352?
2352
In base 5, what is -24301 - 242?
-30043
In base 3, what is -1020211012 - 1?
-1020211020
In base 15, what is -6 + 728?
722
In base 13, what is -5 - 405?
-40a
In base 13, what is 3 - 2626b?
-26268
In base 16, what is ac + 935?
9e1
In base 13, what is 9a20 + 5c?
9a7c
In base 12, what is 6 + 2a60a?
2a614
In base 12, what is -302b - 18?
-3047
In base 8, what is 30 + 207706?
207736
In base 16, what is -6 - 3a64?
-3a6a
In base 9, what is -1 - -516738?
516737
In base 7, what is 30 - 5253?
-5223
In base 6, what is 40 + 10340?
10420
In base 12, what is -1aa + 117?
-93
In base 4, what is -123000033211 + -2?
-123000033213
In base 13, what is 30174 - 1?
30173
In base 8, what is -4352461 + 3?
-4352456
In base 7, what is -1 + -34160?
-34161
In base 2, what is 1100100011001001010 - 111?
1100100011001000011
In base 13, what is 3 + -1284?
-1281
In base 15, what is 31 - -bd?
ee
In base 4, what is 1020032033 - -11?
1020032110
In base 10, what is 20 + -51404?
-51384
In base 3, what is -22000210021202 + 0?
-22000210021202
In base 4, what is -3003010 - 1100?
-3010110
In base 11, what is -422 - -506?
94
In base 2, what is -10 - 1101001000110000101?
-1101001000110000111
In base 3, what is -2022110201212 - -2?
-2022110201210
In base 6, what is -2401045 - -21?
-2401024
In base 12, what is -58a4 + 68?
-5838
In base 7, what is 313250 + 3?
313253
In base 13, what is -14 - 626?
-63a
In base 8, what is 5 - 442?
-435
In base 7, what is 1 - 25126?
-25125
In base 13, what is -25b380 - 4?
-25b384
In base 3, what is 21202 + -10201?
11001
In base 16, what is 278f + 19?
27a8
In base 15, what is eca1 + -7?
ec99
In base 13, what is 3c94 - 394?
3900
In base 2, what is -11 + 10111001110011?
10111001110000
In base 5, what is 3123401 - -1?
3123402
In base 7, what is -32025 - 220?
-32245
In base 7, what is -14 - 20250?
-20264
In base 14, what is 499 - -192?
64b
In base 4, what is 1010 + -130?
220
In base 10, what is -7 + -1505?
-1512
In base 10, what is 23 - -4212?
4235
In base 13, what is 8 - 1830?
-1825
In base 9, what is -284 - 1217?
-1512
In base 12, what is 194 + 1806?
199a
In base 12, what is -102 - 6b?
-171
In base 6, what is 5 + -5234011?
-5234002
In base 16, what is 7 + 9568?
956f
In base 9, what is 13 - -33805?
33818
In base 6, what is -4434302 + 24?
-4434234
In base 12, what is 14 - -2a48?
2a60
In base 12, what is 222 - -a0?
302
In base 4, what is 300 + -11211011?
-11210111
In base 2, what is -110000011000000 - 11010?
-110000011011010
In base 16, what is 0 - 2cc36?
-2cc36
In base 14, what is -4 + 744c?
7448
In base 4, what is 20322130 + 30?
20322220
In base 11, what is 5 - 48185?
-48180
In base 7, what is -20 - -640?
620
In base 6, what is 23 + -1344045?
-1344022
In base 13, what is -12296b - 14?
-122982
In base 10, what is 109239 + 4?
109243
In base 2, what is -1100110 + -1000101?
-10101011
In base 16, what is -5 + -8209a?
-8209f
In base 14, what is 183558 - -2?
18355a
In base 12, what is -5 - 56?
-5b
In base 5, what is 1 - -121322?
121323
In base 14, what is 5 - -46240?
46245
In base 4, what is -11 + -12003021?
-12003032
In base 13, what is -4 + c379?
c375
In base 11, what is 25 + 394?
409
In base 10, what is -10 - -328303?
328293
In base 12, what is 1 + -812a?
-8129
In base 9, what is 14418 + 12?
14431
In base 6, what is 4433 + -2325?
2104
In base 9, what is -2 - 1847?
-1850
In base 12, what is 403 - -538a?
5791
In base 11, what is 22 - -5612?
5634
In base 7, what is 615231 + 0?
615231
In base 6, what is -51 - -41115?
41024
In base 13, what is a + 1b559?
1b566
In base 8, what is -66112 - 32?
-66144
In base 12, what is 145 + 35b?
4a4
In base 15, what is -83 - cc1?
-d54
In base 9, what is 1016 - 687?
218
In base 2, what is 100 + -11111001100010?
-11111001011110
In base 10, what is -547198 - 0?
-547198
In base 8, what is 4160 + -144?
4014
In base 3, what is -2121112 + -12202?
-2211021
In base 12, what is 4 + -6034?
-6030
In base 7, what is 252524 + -44?
252450
In base 12, what is 14778 - -23?
1479b
In base 10, what is -14192 + -3?
-14195
In base 16, what is -d1 - -5f?
-72
In base 10, what is -74004 + 5?
-73999
In base 5, what is 11 + -14444?
-14433
In base 5, what is -1 - 312242?
-312243
In base 13, what is -18103 + 21?
-180b2
In base 14, what is -339d4 - 7?
-339db
In base 14, what is -950 - 14?
-964
In base 9, what is 4 - 5216?
-5212
In base 5, what is 10333 - -132?
11020
In base 10, what is -10531 - 19?
-10550
In base 12, what is -40373 - -1?
-40372
In base 10, what is 29202 - 25?
29177
In base 12, what is 2 - 3099?
-3097
In base 13, what is -1422c - -7?
-14225
In base 4, what is 2000 - 1202002?
-1200002
In base 8, what is -347 - -3061?
2512
In base 8, what is 12 - -5030?
5042
In base 10, what is 5 - -31033?
31038
In base 13, what is -6 + -2b93?
-2b99
In base 2, what is 1010001 + -10010110110?
-10001100101
In base 12, what is -1010 - 15?
-1025
In base 4, what is 10103 - -11132?
21301
In base 11, what is -57569 - 5?
-57573
In base 4, what is -103 - -23223013?
23222310
In base 15, what is -6b - -1889?
181d
In base 11, what is -4 + -414235?
-414239
In base 6, what is -5 + -145303?
-145312
In base 10, what is -2 + 95268?
95266
In base 2, what is 11 + -10000111011?
-10000111000
In base 16, what is -5e - -d2?
74
In base 5, what is -30 - 2043421?
-2044001
In base 2, what is -10 + -1110000010000?
-1110000010010
In base 6, what is -30 + -340334?
-340404
In base 11, what is -1 - -1982a9?
1982a8
In base 2, what is 101000110001 + -10010100?
100110011101
In base 13, what is 8 - -40c86?
40c91
In base 9, what is 8 - 71214?
-71205
In base 11, what is 143286 + 19?
1432a4
In base 3, what is 2000 - 1120020102?
-1120011102
In base 16, what is -3a2 - -19?
-389
In base 6, what is 3 - -112004?
112011
In base 12, what is 5 + ab60?
ab65
In base 13, what is 5 + 105c0?
105c5
In base 6, what is -42045 + 201?
-41444
In base 6, what is -11 + -1223?
-1234
In base 14, what is -4dd - 1b?
-51a
In base 15, what is -5 + -147c?
-1482
In base 13, what is -55a5 + 6?
-559c
In base 16, what is -1 + 1812?
1811
In base 6, what is 10 - 3521202?
-3521152
In base 8, what is 5 + -55646?
-55641
In base 16, what is 9 - -e6c?
e75
In base 3, what is -2221201000 - 1?
-2221201001
In base 7, what is 222121 + 6?
222130
In base 16, what is -170 + -21a?
-38a
In base 2, what is 10100001 + -1100?
10010101
In base 3, what is 10100 + -12012?
-1212
In base 16, what is a845 + 2?
a847
In base 15, what is a0a + -7?
a03
In base 5, what is -33103 + 31?
-33022
In base 3, what is -100 - -210011011022?
210011010222
In base 3, what is -12 + 10212220022000?
10212220021211
In base 5, what is -44314213 + -4?
-44314222
In base 7, what is 405 + -523?
-115
In base 12, what is 1529 - 7?
1522
In base 8, what is 5404077 - -4?
5404103
In base 13, what is 0 - -9730?
9730
In base 16, what is -27a3 + -a?
-27ad
In base 15, what is -6972 - 4?
-6976
In base 16, what is -11e5 - -1?
-11e4
In base 16, what is 3ea499 - 1?
3ea498
In base 2, what is 1011 - 11001010001010110?
-110010100